{"id":9,"date":"2025-06-16T14:39:59","date_gmt":"2025-06-16T14:39:59","guid":{"rendered":"https:\/\/app.esotti.com\/?page_id=9"},"modified":"2025-12-09T13:46:25","modified_gmt":"2025-12-09T13:46:25","slug":"inicio","status":"publish","type":"page","link":"https:\/\/app.esotti.com\/","title":{"rendered":"Inicio"},"content":{"rendered":"\t\t<div data-elementor-type=\"wp-page\" data-elementor-id=\"9\" class=\"elementor elementor-9\" data-elementor-post-type=\"page\">\n\t\t\t\t<div class=\"elementor-element elementor-element-2d5becef e-flex e-con-boxed e-con e-parent\" data-id=\"2d5becef\" data-element_type=\"container\">\n\t\t\t\t\t<div class=\"e-con-inner\">\n\t\t<div class=\"elementor-element elementor-element-77b9a47f e-con-full e-flex e-con e-child\" data-id=\"77b9a47f\" data-element_type=\"container\">\n\t\t\t\t<div class=\"elementor-element elementor-element-34506146 elementor-widget__width-initial elementor-widget elementor-widget-heading\" data-id=\"34506146\" data-element_type=\"widget\" data-widget_type=\"heading.default\">\n\t\t\t\t\t<h2 class=\"elementor-heading-title elementor-size-default\">Audiolivros exclusivos para voc\u00ea ouvir quando e onde quiser.<\/h2>\t\t\t\t<\/div>\n\t\t\t\t<div class=\"elementor-element elementor-element-4963f96d elementor-widget__width-initial elementor-widget elementor-widget-heading\" data-id=\"4963f96d\" data-element_type=\"widget\" data-widget_type=\"heading.default\">\n\t\t\t\t\t<h2 class=\"elementor-heading-title elementor-size-default\">Marketing | Finan\u00e7as | Empreendedorismo | Publicidade | Criatividade | Artes Visuais | Design<\/h2>\t\t\t\t<\/div>\n\t\t\t\t<div class=\"elementor-element elementor-element-421cc017 elementor-align-center elementor-widget__width-initial elementor-widget elementor-widget-button\" data-id=\"421cc017\" data-element_type=\"widget\" data-widget_type=\"button.default\">\n\t\t\t\t\t\t\t\t\t\t<a class=\"elementor-button elementor-button-link elementor-size-sm\" href=\"https:\/\/portal.esotti.com\/finalizar-compra\/?add-to-cart=68\">\n\t\t\t\t\t\t<span class=\"elementor-button-content-wrapper\">\n\t\t\t\t\t\t\t\t\t<span class=\"elementor-button-text\">Teste gr\u00e1tis por 30 dias<\/span>\n\t\t\t\t\t<\/span>\n\t\t\t\t\t<\/a>\n\t\t\t\t\t\t\t\t<\/div>\n\t\t\t\t<div class=\"elementor-element elementor-element-85e11f8 elementor-widget__width-initial elementor-widget elementor-widget-heading\" data-id=\"85e11f8\" data-element_type=\"widget\" data-widget_type=\"heading.default\">\n\t\t\t\t\t<h2 class=\"elementor-heading-title elementor-size-default\">R$ 19,90\/m\u00eas ap\u00f3s o teste gratuito de 30 dias. Cancele a qualquer momento.<\/h2>\t\t\t\t<\/div>\n\t\t\t\t<\/div>\n\t\t<div class=\"elementor-element elementor-element-708e4888 e-con-full e-flex e-con e-child\" data-id=\"708e4888\" data-element_type=\"container\">\n\t\t\t\t<div class=\"elementor-element elementor-element-51d80838 elementor-widget__width-initial e-transform elementor-widget-tablet__width-initial elementor-widget-mobile__width-initial elementor-widget elementor-widget-image\" data-id=\"51d80838\" data-element_type=\"widget\" data-settings=\"{&quot;_transform_rotateZ_effect&quot;:{&quot;unit&quot;:&quot;px&quot;,&quot;size&quot;:20,&quot;sizes&quot;:[]},&quot;_transform_rotateZ_effect_tablet&quot;:{&quot;unit&quot;:&quot;deg&quot;,&quot;size&quot;:15,&quot;sizes&quot;:[]},&quot;_transform_rotateZ_effect_mobile&quot;:{&quot;unit&quot;:&quot;deg&quot;,&quot;size&quot;:10,&quot;sizes&quot;:[]}}\" data-widget_type=\"image.default\">\n\t\t\t\t\t\t\t\t\t\t\t\t\t\t\t<img fetchpriority=\"high\" decoding=\"async\" width=\"676\" height=\"1000\" src=\"https:\/\/app.esotti.com\/wp-content\/uploads\/2025\/12\/capa.jpg\" class=\"attachment-large size-large wp-image-49\" alt=\"\" srcset=\"https:\/\/app.esotti.com\/wp-content\/uploads\/2025\/12\/capa.jpg 676w, https:\/\/app.esotti.com\/wp-content\/uploads\/2025\/12\/capa-600x888.jpg 600w, https:\/\/app.esotti.com\/wp-content\/uploads\/2025\/12\/capa-203x300.jpg 203w\" sizes=\"(max-width: 676px) 100vw, 676px\" \/>\t\t\t\t\t\t\t\t\t\t\t\t\t\t\t<\/div>\n\t\t\t\t<div class=\"elementor-element elementor-element-59b87867 elementor-widget__width-initial e-transform elementor-widget-tablet__width-initial elementor-widget-mobile__width-initial elementor-widget elementor-widget-image\" data-id=\"59b87867\" data-element_type=\"widget\" data-settings=\"{&quot;_transform_rotateZ_effect&quot;:{&quot;unit&quot;:&quot;px&quot;,&quot;size&quot;:20,&quot;sizes&quot;:[]},&quot;_transform_rotateZ_effect_tablet&quot;:{&quot;unit&quot;:&quot;deg&quot;,&quot;size&quot;:15,&quot;sizes&quot;:[]},&quot;_transform_rotateZ_effect_mobile&quot;:{&quot;unit&quot;:&quot;deg&quot;,&quot;size&quot;:10,&quot;sizes&quot;:[]}}\" data-widget_type=\"image.default\">\n\t\t\t\t\t\t\t\t\t\t\t\t\t\t\t<img decoding=\"async\" width=\"676\" height=\"1000\" src=\"https:\/\/app.esotti.com\/wp-content\/uploads\/2025\/12\/Capa-Livro-676-x-1000-Roube-como-um-artista.jpg\" class=\"attachment-large size-large wp-image-50\" alt=\"\" srcset=\"https:\/\/app.esotti.com\/wp-content\/uploads\/2025\/12\/Capa-Livro-676-x-1000-Roube-como-um-artista.jpg 676w, https:\/\/app.esotti.com\/wp-content\/uploads\/2025\/12\/Capa-Livro-676-x-1000-Roube-como-um-artista-600x888.jpg 600w, https:\/\/app.esotti.com\/wp-content\/uploads\/2025\/12\/Capa-Livro-676-x-1000-Roube-como-um-artista-203x300.jpg 203w\" sizes=\"(max-width: 676px) 100vw, 676px\" \/>\t\t\t\t\t\t\t\t\t\t\t\t\t\t\t<\/div>\n\t\t\t\t<div class=\"elementor-element elementor-element-58a876 elementor-widget__width-initial e-transform elementor-widget-tablet__width-initial elementor-widget-mobile__width-initial elementor-widget elementor-widget-image\" data-id=\"58a876\" data-element_type=\"widget\" data-settings=\"{&quot;_transform_rotateZ_effect&quot;:{&quot;unit&quot;:&quot;px&quot;,&quot;size&quot;:20,&quot;sizes&quot;:[]},&quot;_transform_rotateZ_effect_tablet&quot;:{&quot;unit&quot;:&quot;deg&quot;,&quot;size&quot;:15,&quot;sizes&quot;:[]},&quot;_transform_rotateZ_effect_mobile&quot;:{&quot;unit&quot;:&quot;deg&quot;,&quot;size&quot;:10,&quot;sizes&quot;:[]}}\" data-widget_type=\"image.default\">\n\t\t\t\t\t\t\t\t\t\t\t\t\t\t\t<img decoding=\"async\" width=\"716\" height=\"1000\" src=\"https:\/\/app.esotti.com\/wp-content\/uploads\/2025\/12\/Livro-Pai-Rico-Pai-Pobre-Capa-1-e1743467075813.jpg\" class=\"attachment-large size-large wp-image-51\" alt=\"\" srcset=\"https:\/\/app.esotti.com\/wp-content\/uploads\/2025\/12\/Livro-Pai-Rico-Pai-Pobre-Capa-1-e1743467075813.jpg 716w, https:\/\/app.esotti.com\/wp-content\/uploads\/2025\/12\/Livro-Pai-Rico-Pai-Pobre-Capa-1-e1743467075813-600x838.jpg 600w, https:\/\/app.esotti.com\/wp-content\/uploads\/2025\/12\/Livro-Pai-Rico-Pai-Pobre-Capa-1-e1743467075813-215x300.jpg 215w\" sizes=\"(max-width: 716px) 100vw, 716px\" \/>\t\t\t\t\t\t\t\t\t\t\t\t\t\t\t<\/div>\n\t\t\t\t<div class=\"elementor-element elementor-element-f0e96f3 elementor-widget__width-initial e-transform elementor-widget-tablet__width-initial elementor-widget-mobile__width-initial elementor-widget elementor-widget-image\" data-id=\"f0e96f3\" data-element_type=\"widget\" data-settings=\"{&quot;_transform_rotateZ_effect&quot;:{&quot;unit&quot;:&quot;px&quot;,&quot;size&quot;:20,&quot;sizes&quot;:[]},&quot;_transform_rotateZ_effect_tablet&quot;:{&quot;unit&quot;:&quot;deg&quot;,&quot;size&quot;:15,&quot;sizes&quot;:[]},&quot;_transform_rotateZ_effect_mobile&quot;:{&quot;unit&quot;:&quot;deg&quot;,&quot;size&quot;:10,&quot;sizes&quot;:[]}}\" data-widget_type=\"image.default\">\n\t\t\t\t\t\t\t\t\t\t\t\t\t\t\t<img loading=\"lazy\" decoding=\"async\" width=\"322\" height=\"500\" src=\"https:\/\/app.esotti.com\/wp-content\/uploads\/2025\/12\/Capa-do-livro-O-teste-da-Mae.jpg\" class=\"attachment-large size-large wp-image-52\" alt=\"\" srcset=\"https:\/\/app.esotti.com\/wp-content\/uploads\/2025\/12\/Capa-do-livro-O-teste-da-Mae.jpg 322w, https:\/\/app.esotti.com\/wp-content\/uploads\/2025\/12\/Capa-do-livro-O-teste-da-Mae-193x300.jpg 193w\" sizes=\"(max-width: 322px) 100vw, 322px\" \/>\t\t\t\t\t\t\t\t\t\t\t\t\t\t\t<\/div>\n\t\t\t\t<div class=\"elementor-element elementor-element-70c2d2d4 elementor-widget__width-initial e-transform elementor-widget-tablet__width-initial elementor-widget-mobile__width-initial elementor-widget elementor-widget-image\" data-id=\"70c2d2d4\" data-element_type=\"widget\" data-settings=\"{&quot;_transform_rotateZ_effect&quot;:{&quot;unit&quot;:&quot;px&quot;,&quot;size&quot;:20,&quot;sizes&quot;:[]},&quot;_transform_rotateZ_effect_tablet&quot;:{&quot;unit&quot;:&quot;deg&quot;,&quot;size&quot;:15,&quot;sizes&quot;:[]},&quot;_transform_rotateZ_effect_mobile&quot;:{&quot;unit&quot;:&quot;deg&quot;,&quot;size&quot;:10,&quot;sizes&quot;:[]}}\" data-widget_type=\"image.default\">\n\t\t\t\t\t\t\t\t\t\t\t\t\t\t\t<img loading=\"lazy\" decoding=\"async\" width=\"700\" height=\"1007\" src=\"https:\/\/app.esotti.com\/wp-content\/uploads\/2025\/12\/Capa-Marketing-4.0.jpg\" class=\"attachment-large size-large wp-image-53\" alt=\"\" srcset=\"https:\/\/app.esotti.com\/wp-content\/uploads\/2025\/12\/Capa-Marketing-4.0.jpg 700w, https:\/\/app.esotti.com\/wp-content\/uploads\/2025\/12\/Capa-Marketing-4.0-600x863.jpg 600w, https:\/\/app.esotti.com\/wp-content\/uploads\/2025\/12\/Capa-Marketing-4.0-209x300.jpg 209w\" sizes=\"(max-width: 700px) 100vw, 700px\" \/>\t\t\t\t\t\t\t\t\t\t\t\t\t\t\t<\/div>\n\t\t\t\t<div class=\"elementor-element elementor-element-c05472a elementor-widget__width-initial e-transform elementor-widget-tablet__width-initial elementor-widget-mobile__width-initial elementor-widget elementor-widget-image\" data-id=\"c05472a\" data-element_type=\"widget\" data-settings=\"{&quot;_transform_rotateZ_effect&quot;:{&quot;unit&quot;:&quot;px&quot;,&quot;size&quot;:20,&quot;sizes&quot;:[]},&quot;_transform_rotateZ_effect_tablet&quot;:{&quot;unit&quot;:&quot;deg&quot;,&quot;size&quot;:15,&quot;sizes&quot;:[]},&quot;_transform_rotateZ_effect_mobile&quot;:{&quot;unit&quot;:&quot;deg&quot;,&quot;size&quot;:10,&quot;sizes&quot;:[]}}\" data-widget_type=\"image.default\">\n\t\t\t\t\t\t\t\t\t\t\t\t\t\t\t<img loading=\"lazy\" decoding=\"async\" width=\"676\" height=\"1000\" src=\"https:\/\/app.esotti.com\/wp-content\/uploads\/2025\/12\/Capa-Livro-676-x-1000-Siga-em-Frente.jpg\" class=\"attachment-large size-large wp-image-54\" alt=\"\" srcset=\"https:\/\/app.esotti.com\/wp-content\/uploads\/2025\/12\/Capa-Livro-676-x-1000-Siga-em-Frente.jpg 676w, https:\/\/app.esotti.com\/wp-content\/uploads\/2025\/12\/Capa-Livro-676-x-1000-Siga-em-Frente-600x888.jpg 600w, https:\/\/app.esotti.com\/wp-content\/uploads\/2025\/12\/Capa-Livro-676-x-1000-Siga-em-Frente-203x300.jpg 203w\" sizes=\"(max-width: 676px) 100vw, 676px\" \/>\t\t\t\t\t\t\t\t\t\t\t\t\t\t\t<\/div>\n\t\t\t\t<\/div>\n\t\t\t\t\t<\/div>\n\t\t\t\t<\/div>\n\t\t<div class=\"elementor-element elementor-element-6b4fc4fa e-flex e-con-boxed e-con e-parent\" data-id=\"6b4fc4fa\" data-element_type=\"container\">\n\t\t\t\t\t<div class=\"e-con-inner\">\n\t\t\t\t<div class=\"elementor-element elementor-element-13bc0893 elementor-widget__width-initial elementor-widget elementor-widget-heading\" data-id=\"13bc0893\" data-element_type=\"widget\" data-widget_type=\"heading.default\">\n\t\t\t\t\t<h2 class=\"elementor-heading-title elementor-size-default\">O que est\u00e1 incluso?<\/h2>\t\t\t\t<\/div>\n\t\t<div class=\"elementor-element elementor-element-4f42185d e-con-full e-flex e-con e-child\" data-id=\"4f42185d\" data-element_type=\"container\">\n\t\t\t\t<div class=\"elementor-element elementor-element-7de6cda1 elementor-view-default elementor-widget elementor-widget-icon\" data-id=\"7de6cda1\" data-element_type=\"widget\" data-widget_type=\"icon.default\">\n\t\t\t\t\t\t\t<div class=\"elementor-icon-wrapper\">\n\t\t\t<div class=\"elementor-icon\">\n\t\t\t<svg xmlns=\"http:\/\/www.w3.org\/2000\/svg\" id=\"Layer_1\" data-name=\"Layer 1\" viewBox=\"0 0 24 24\" width=\"512\" height=\"512\"><path d=\"m17,7h1v10h-1V7Zm-4,17h1V0h-1v24ZM21,4v16h1V4h-1Zm-12,16h1V4h-1v16Zm-4-3h1V7h-1v10Zm-4-2h1v-6h-1v6Z\"><\/path><\/svg>\t\t\t<\/div>\n\t\t<\/div>\n\t\t\t\t\t\t<\/div>\n\t\t\t\t<div class=\"elementor-element elementor-element-6ee325c elementor-widget__width-initial elementor-widget elementor-widget-heading\" data-id=\"6ee325c\" data-element_type=\"widget\" data-widget_type=\"heading.default\">\n\t\t\t\t\t<h2 class=\"elementor-heading-title elementor-size-default\">Ou\u00e7a offline<\/h2>\t\t\t\t<\/div>\n\t\t\t\t<div class=\"elementor-element elementor-element-34e95eb9 elementor-widget__width-initial elementor-widget elementor-widget-heading\" data-id=\"34e95eb9\" data-element_type=\"widget\" data-widget_type=\"heading.default\">\n\t\t\t\t\t<h2 class=\"elementor-heading-title elementor-size-default\">Download de audiolivros uma s\u00f3 vez, podendo escutar offline, sem interrup\u00e7\u00f5es.<\/h2>\t\t\t\t<\/div>\n\t\t\t\t<\/div>\n\t\t<div class=\"elementor-element elementor-element-42f57fae e-con-full e-flex e-con e-child\" data-id=\"42f57fae\" data-element_type=\"container\">\n\t\t\t\t<div class=\"elementor-element elementor-element-748cb8e9 elementor-view-default elementor-widget elementor-widget-icon\" data-id=\"748cb8e9\" data-element_type=\"widget\" data-widget_type=\"icon.default\">\n\t\t\t\t\t\t\t<div class=\"elementor-icon-wrapper\">\n\t\t\t<div class=\"elementor-icon\">\n\t\t\t<svg xmlns=\"http:\/\/www.w3.org\/2000\/svg\" id=\"Layer_1\" data-name=\"Layer 1\" viewBox=\"0 0 24 24\" width=\"512\" height=\"512\"><path d=\"M12,0C5.38,0,0,5.38,0,12s5.38,12,12,12,12-5.38,12-12S18.62,0,12,0Zm0,23c-6.07,0-11-4.93-11-11S5.93,1,12,1s11,4.93,11,11-4.93,11-11,11Zm.42-17.34h-.85l-1.52,4.34H5.71v.83l3.13,2.52-1.17,3.9,.67,.52,3.66-2.37,3.66,2.37,.67-.52-1.17-3.9,3.13-2.52v-.83h-4.34l-1.52-4.34Zm1.58,7.33l.93,3.12-2.94-1.91-2.94,1.91,.93-3.12-2.47-1.99h3.25l1.24-3.53,1.24,3.53h3.25l-2.47,1.99Z\"><\/path><\/svg>\t\t\t<\/div>\n\t\t<\/div>\n\t\t\t\t\t\t<\/div>\n\t\t\t\t<div class=\"elementor-element elementor-element-1cfe7c4e elementor-widget__width-initial elementor-widget elementor-widget-heading\" data-id=\"1cfe7c4e\" data-element_type=\"widget\" data-widget_type=\"heading.default\">\n\t\t\t\t\t<h2 class=\"elementor-heading-title elementor-size-default\">Dezenas de t\u00edtulos<\/h2>\t\t\t\t<\/div>\n\t\t\t\t<div class=\"elementor-element elementor-element-2d60c430 elementor-widget__width-initial elementor-widget elementor-widget-heading\" data-id=\"2d60c430\" data-element_type=\"widget\" data-widget_type=\"heading.default\">\n\t\t\t\t\t<h2 class=\"elementor-heading-title elementor-size-default\">Acesso ilimitado a um cat\u00e1logo com dezenas de t\u00edtluos em portugu\u00eas<\/h2>\t\t\t\t<\/div>\n\t\t\t\t<\/div>\n\t\t<div class=\"elementor-element elementor-element-2e61b878 e-con-full e-flex e-con e-child\" data-id=\"2e61b878\" data-element_type=\"container\">\n\t\t\t\t<div class=\"elementor-element elementor-element-511e62a4 elementor-view-default elementor-widget elementor-widget-icon\" data-id=\"511e62a4\" data-element_type=\"widget\" data-widget_type=\"icon.default\">\n\t\t\t\t\t\t\t<div class=\"elementor-icon-wrapper\">\n\t\t\t<div class=\"elementor-icon\">\n\t\t\t<svg xmlns=\"http:\/\/www.w3.org\/2000\/svg\" id=\"Layer_1\" data-name=\"Layer 1\" viewBox=\"0 0 24 24\" width=\"512\" height=\"512\"><path d=\"M24,4.591V20.688l-12,3.332L0,20.688V4.591c0-.771,.339-1.496,.931-1.989,.021-.018,.047-.029,.069-.046V19.928l11,3.053,11-3.053V2.556c.022,.017,.047,.028,.069,.046,.592,.494,.931,1.219,.931,1.989ZM12,21.02l-9-2.572V3.501c0-.792,.363-1.519,.995-1.996,.633-.477,1.432-.624,2.192-.408l4.189,1.197c.679,.194,1.247,.624,1.624,1.185,.377-.561,.945-.991,1.624-1.185l4.189-1.197c.76-.217,1.56-.069,2.192,.408,.632,.477,.995,1.205,.995,1.996v14.947l-9,2.572Zm.5-1.183l7.5-2.143V3.501c0-.475-.218-.912-.597-1.198-.265-.199-.579-.303-.899-.303-.139,0-.278,.02-.416,.059l-4.19,1.197c-.823,.235-1.398,.998-1.398,1.854v14.727Zm-1-14.727c0-.857-.575-1.62-1.398-1.854l-4.189-1.197c-.457-.131-.935-.042-1.315,.244-.379,.286-.597,.723-.597,1.198v14.193l7.5,2.143V5.11Z\"><\/path><\/svg>\t\t\t<\/div>\n\t\t<\/div>\n\t\t\t\t\t\t<\/div>\n\t\t\t\t<div class=\"elementor-element elementor-element-60a506ec elementor-widget__width-initial elementor-widget elementor-widget-heading\" data-id=\"60a506ec\" data-element_type=\"widget\" data-widget_type=\"heading.default\">\n\t\t\t\t\t<h2 class=\"elementor-heading-title elementor-size-default\">PDF'S<\/h2>\t\t\t\t<\/div>\n\t\t\t\t<div class=\"elementor-element elementor-element-64e94b69 elementor-widget__width-initial elementor-widget elementor-widget-heading\" data-id=\"64e94b69\" data-element_type=\"widget\" data-widget_type=\"heading.default\">\n\t\t\t\t\t<h2 class=\"elementor-heading-title elementor-size-default\">Tenha acesso tamb\u00e9m ao Pdf's dos livros.<\/h2>\t\t\t\t<\/div>\n\t\t\t\t<\/div>\n\t\t\t\t<div class=\"elementor-element elementor-element-72dfab51 elementor-align-center elementor-widget__width-initial elementor-widget elementor-widget-button\" data-id=\"72dfab51\" data-element_type=\"widget\" data-widget_type=\"button.default\">\n\t\t\t\t\t\t\t\t\t\t<a class=\"elementor-button elementor-button-link elementor-size-sm\" href=\"https:\/\/portal.esotti.com\/finalizar-compra\/?add-to-cart=68\">\n\t\t\t\t\t\t<span class=\"elementor-button-content-wrapper\">\n\t\t\t\t\t\t\t\t\t<span class=\"elementor-button-text\">Conhecer Pacote<\/span>\n\t\t\t\t\t<\/span>\n\t\t\t\t\t<\/a>\n\t\t\t\t\t\t\t\t<\/div>\n\t\t\t\t\t<\/div>\n\t\t\t\t<\/div>\n\t\t\t\t<\/div>\n\t\t","protected":false},"excerpt":{"rendered":"<p>Audiolivros exclusivos para voc\u00ea ouvir quando e onde quiser. Marketing | Finan\u00e7as | Empreendedorismo | Publicidade | Criatividade | Artes Visuais | Design Teste gr\u00e1tis por 30 dias R$ 19,90\/m\u00eas ap\u00f3s o teste gratuito de 30 dias. Cancele a qualquer momento. O que est\u00e1 incluso? Ou\u00e7a offline Download de audiolivros uma s\u00f3 vez, podendo escutar [&hellip;]<\/p>\n","protected":false},"author":1,"featured_media":0,"parent":0,"menu_order":0,"comment_status":"closed","ping_status":"closed","template":"elementor_canvas","meta":{"episode_type":"","audio_file":"","cover_image":"","cover_image_id":"","duration":"","filesize":"","date_recorded":"","explicit":"","block":"","itunes_episode_number":"","itunes_title":"","itunes_season_number":"","itunes_episode_type":"","filesize_raw":"","footnotes":""},"class_list":["post-9","page","type-page","status-publish","hentry"],"_links":{"self":[{"href":"https:\/\/app.esotti.com\/index.php?rest_route=\/wp\/v2\/pages\/9","targetHints":{"allow":["GET"]}}],"collection":[{"href":"https:\/\/app.esotti.com\/index.php?rest_route=\/wp\/v2\/pages"}],"about":[{"href":"https:\/\/app.esotti.com\/index.php?rest_route=\/wp\/v2\/types\/page"}],"author":[{"embeddable":true,"href":"https:\/\/app.esotti.com\/index.php?rest_route=\/wp\/v2\/users\/1"}],"replies":[{"embeddable":true,"href":"https:\/\/app.esotti.com\/index.php?rest_route=%2Fwp%2Fv2%2Fcomments&post=9"}],"version-history":[{"count":25,"href":"https:\/\/app.esotti.com\/index.php?rest_route=\/wp\/v2\/pages\/9\/revisions"}],"predecessor-version":[{"id":76,"href":"https:\/\/app.esotti.com\/index.php?rest_route=\/wp\/v2\/pages\/9\/revisions\/76"}],"wp:attachment":[{"href":"https:\/\/app.esotti.com\/index.php?rest_route=%2Fwp%2Fv2%2Fmedia&parent=9"}],"curies":[{"name":"wp","href":"https:\/\/api.w.org\/{rel}","templated":true}]}}